e prime factors of (m - 3)*(-15 + 0).
3, 5
Let k be -3*15/27*-153. Suppose 6*h = h + k. List the prime factors of h.
3, 17
Let d(s) = -s + 2. Let c be d(0). Suppose -c*t + o = 0, 4*t + 0*o + o = 12. Suppose 0 = -t*l - 20 + 88. List the prime factors of l.
2, 17
Let c be 1 + (-2)/6 + 182/(-3). What are the prime factors of 1/(-6) + (-10450)/c?
2, 3, 29
List the prime factors of 7162/8 + (-95)/76.
2, 3, 149
Let h be (5/2 + -3)*-20. What are the prime factors of (-51)/((-5)/(h/3))?
2, 17
Let u(z) = -7*z**3 + 4*z**2 - 5*z**2 + 2*z**3. Let p be u(-1). Suppose 0 = -b + 6*b + a - 201, p*a = 5*b - 221. What are the prime factors of b?
41
Let p(u) = -18*u - 180. Let v be p(-12). Suppose 0 = -3*y + 50 + 37. Let s = v + y. What are the prime factors of s?
5, 13
Let g = 2125 - 787. What are the prime factors of g?
2, 3, 223
Let z(p) = -26*p + 7. Suppose 0 = 3*g + 17 + 4. Let i be z(g). Suppose 5*n + s = i, -5*s + 147 = 3*n + n. List the prime factors of n.
2, 19
Suppose t - 3*t = 16. Let k = t + 11. Suppose -k*w + 71 = -13. List the prime factors of w.
2, 7
Suppose 5*q - 204 = 2196. List the prime factors of q.
2, 3, 5
Let z(o) = 3*o**3 + 2*o**2 - 1. Let b be z(1). Suppose 0 = 2*y - t - 2*t - 6, 2*y = -2*t - b. Suppose -3*w + 54 = -y*w. List the prime factors of w.
2, 3
Suppose 0 = -5*q - 2*o + 9228, -q - 3696 = -3*q + 4*o. What are the prime factors of q?
2, 13, 71
Suppose 0 = -c + 2*x + 26, -c + 4*c - 4*x = 88. Let r = -214 + 216. Suppose 0 = 4*y + d - 80, -3*y + 96 = -r*d + c. List the prime factors of y.
2, 5
Let r = 41 - 39. What are the prime factors of r/4 + (-201)/(-2)?
101
Let d = 111 + 337. What are the prime factors of d?
2, 7
Let i(a) = a**3 + 2*a**2 - 2*a - 1. Let u be i(-2). Suppose -5*w + 2 = 2*b, -4*w = -5*b - 2 + 7. Let s = u + b. List the prime factors of s.
2
Suppose 4401*u = 4408*u - 11627. List the prime factors of u.
11, 151
Suppose 4*c + 134 = 566. What are the prime factors of c?
2, 3
Suppose -3*h = -2*g - 17, -2*g + 11 = -3*h - 7*g. Suppose -2*b = h*b + 20, z = 2*b + 100. List the prime factors of z.
2, 23
Suppose 0*v + 3 = 3*v. Suppose 0 = 2*c - 11 - v. What are the prime factors of c?
2, 3
Let x(f) = f**3 + 24*f - 4. List the prime factors of x(11).
37, 43
Suppose -33*w + 39*w = 3696. List the prime factors of w.
2, 7, 11
Let i = -19 + 34. Suppose 40 = 17*t - i*t. List the prime factors of t.
2, 5
Let l(f) = f**3 + 9*f**2 + 10*f + 9. Let m = 6 - 14. Let s be l(m). Let q(r) = r**2 + 3*r - 9. List the prime factors of q(s).
19
Let v(s) = -195*s**3 - 2*s**2 + 14*s + 31. What are the prime factors of v(-2)?
5, 311
Let a(v) = -v**3 - v**2 + 40*v + 6. List the prime factors of a(-12).
2, 3, 5, 37
List the prime factors of (60/50)/((-6)/(-2080)).
2, 13
Let c(x) = 13*x - 30. Suppose 2*u = o + 25, 0 = -o + 1 - 6. List the prime factors of c(u).
2, 5
Suppose -16839 = 36*s - 48627. List the prime factors of s.
883
Suppose 13*o - 3887 = 12181. Suppose -5*n + o = -3*f, 0*f + 255 = n + 2*f. What are the prime factors of n?
3, 83
Let y = 303 + -171. Let z = y - 7. What are the prime factors of z?
5
Let p(o) = 12*o - 132. What are the prime factors of p(15)?
2, 3
Suppose -5*p = -2*v + 25, -3*v + p + 14 + 30 = 0. Let o be v/2*(-80)/(-15). Suppose o = j + 8. What are the prime factors of j?
2
Suppose 2*u + 28 = -0*u. Let v be ((-2)/(-2))/(-1) - u. Suppose 0 = -4*s - a + 39 + 10, s + a = v. List the prime factors of s.
2, 3
Suppose -5*d = 5*t - 705, 2*d - 2*t - 121 = 141. List the prime factors of d.
2, 17
Let a be ((-21)/14)/(2/4). Let t = 51 - a. What are the prime factors of t?
2, 3
Let k(m) = 79*m**2 - 23*m + 78. List the prime factors of k(4).
2, 5
Let p(a) = a**2 + 6*a + 6. Let t be p(-5). Let i(h) = h**2 - 1. Let z be i(t). Suppose -5*c + 4*q + 32 = -50, z = -q - 3. List the prime factors of c.
2, 7
Let a(d) = -d**3 - 7*d**2 + 17*d - 4. Let f be a(-9). Suppose 4*s - 51 = -5*h, -s + 21 + 3 = f*h. List the prime factors of s.
3
Let a = 132 - 15. Let z = a - 63. What are the prime factors of z?
2, 3
Let a be (0 + (-45)/12)*4. Let o be (a/(-10))/(6/256). List the prime factors of (27/6)/(12/o).
2, 3
Suppose -3*h = -2*h + 10. Let s = h + 15. Suppose o + 112 = s*o. List the prime factors of o.
2, 7
Suppose 10*x = 14*x + 20. Let u(b) = 3*b + 21. List the prime factors of u(x).
2, 3
Suppose 0*w = 2*w - 18. Let p(m) = 3*m**2 + 13*m + 14. Let b(n) = -7*n**2 - 27*n - 29. Let f(s) = w*p(s) + 4*b(s). List the prime factors of f(7).
2, 3
Let w(y) = y**3 + 12*y**2 + 16*y + 13. Let n be (-3)/((-8)/((-400)/15)). List the prime factors of w(n).
53
Let o(z) = -z**2 + 4*z + 3. Let l be o(4). Let f be l + (-26)/(-3)*-6. Let d = f + 82. What are the prime factors of d?
3, 11
Let f = 95 - 34. Suppose -99 = 3*w - 3*y, 5*y + f = -2*w - 40. What are the prime factors of 5*w/(-20)*2?
19
Suppose 7*w - 655 = 3818. List the prime factors of w.
3, 71
Let j(d) = -d**3 - 12*d**2 + 27*d - 19. Let x be j(-14). List the prime factors of (6/x)/(52/325)*-38.
3, 5, 19
Suppose -4*y + 5*d + 1522 = 0, -81 + 458 = y - 3*d. What are the prime factors of y?
383
Suppose -106*b - 8228 = -117*b. List the prime factors of b.
2, 11, 17
Suppose 4*u - 3*z = 6 + 1, -2*u + z + 1 = 0. What are the prime factors of u/(-10) - 1*2320/(-25)?
3, 31
Let n = 12 - 7. Suppose 5*t + n*z - 585 = 0, 2*z = -2*t + 4*z + 222. What are the prime factors of t?
2, 3, 19
Let y(z) = 126*z**3 + 3*z**2 + 2*z - 14. What are the prime factors of y(2)?
2, 5, 101
Suppose 0*h - h + 2*v = -8, 4*v = 4*h - 28. Suppose -42 = -8*j + h*j. What are the prime factors of j?
3, 7
List the prime factors of ((-417)/(-2))/(3*(-1)/(-18)).
3, 139
List the prime factors of ((-213)/(-2))/(60/40).
71
Suppose f = j, 4*f = 3*j - f + 6. Suppose 4*t + 20 = 5*o - j*o, 5*o - 5 = t. Let s(g) = -3*g + 59. What are the prime factors of s(o)?
59
Let l(p) = 8*p**3 + 4*p**2 - 16*p + 10. List the prime factors of l(5).
2, 5, 103
Let m(h) = 5*h**2 - 15*h + 26. Let u be m(14). Suppose -177 = 2*b - k - 493, 5*b = k + u. List the prime factors of b.
2, 5
Suppose -f - 4501 = -5*p, 4*p - 3*f - 4282 = -690. What are the prime factors of p?
17, 53
Let i(b) = -b**3 - 8*b**2 - 22. Let a be i(-8). List the prime factors of (a*2 - -1)*-2.
2, 43
Suppose n + 10 = 13. Suppose 4*r - 4*d = 0, -4*r + 12 = -d - n. What are the prime factors of 6/(-2 + 0) + r?
2
Let z(v) = 1519*v**2 - 9*v + 9. What are the prime factors of z(1)?
7, 31
Let i be (1/(-1))/(2/14). Let u(p) = 6*p**2 + 4*p + 14. What are the prime factors of u(i)?
2, 5, 7
Let m be (-5)/(-5 - 0) - -53. Let x = 114 - m. What are the prime factors of x?
2, 3, 5
Let j(g) = -2*g**2 - 152*g + 18. List the prime factors of j(-16).
2, 3, 17, 19
Let g(a) = 474*a + 539. What are the prime factors of g(4)?
5, 487
Let b(m) be the second derivative of m**4/12 + m**3/6 + 29*m**2/2 + m. Let n be (190/(-20))/(-19)*0. List the prime factors of b(n).
29
Suppose -108 = -t - t. Suppose -2*n + 5*y - 31 = -3*n, 0 = -3*n - 2*y + t. Suppose -n = -10*s + 9*s. List the prime factors of s.
2
Suppose 3*z - 2*l = -5 + 3, 0 = 5*l - 5. Suppose 3*v - 92 + 5 = z. Let i = -17 + v. What are the prime factors of i?
2, 3
Let a(i) = -i**3 + 10*i**2 - 11*i + 9. Let j be a(9). Let s(o) = -2*o - 15. Let p be s(j). Suppose z + p*z - 104 = 0. What are the prime factors of z?
2, 13
Suppose 645*h - 647*h = -1394. What are the prime factors of h?
17, 41
What are the prime factors of 39*((-4368)/9)/(-7) - 6?
2, 19, 71
Let z = 363 - 174. Suppose -5*c + 2*c + 107 = -4*k, 4*k - z = -5*c. List the prime factors of c.
37
Suppose -5*k - 3*l = -3531, 57*l - 53*l = -k + 713. List the prime factors of k.
3, 5, 47
Suppose 0*g + 5*g = 2*l + 2, -4*l + 5*g = -16. Let r = l - -2. List the prime factors of r.
11
Let z(b) = b**3 - 12*b**2 + 15*b + 9. List the prime factors of z(13).
373
Let k = 42 + -44. Let z(i) = -67*i + 13. List the prime factors of z(k).
3, 7
What are the prime factors of (0 - (-10)/(-3))/(14/(-17997))?
5, 857
Suppose 19665 = -585*m + 594*m. List the prime factors of m.
5, 19, 23
Let k be (2 - 4)*-1 + 31. Let v = -31 + k. Suppose 2*h + 5*j - 114 = 0, -v*h + 70 + 48 = 3*j. List the prime factors of h.
2, 31
Suppose -254 = -3*r + r. Suppose 0 = 5*j - 2*a - r, 0 = -j - a + 33 - 9. Suppose 6 - j = -u. What are the prime factors of u?
19
Let k(g) = -g